1
Let v(x) be the first derivative of -x**3/3 + x**2/2 - 17*x + 115. Let q(l) = 2*l - 20. Let n be q(11). Let h be 0/(n + 2 + -2). Give v(h).
-17
Let x(t) be the second derivative of t**4/12 - 5*t**3/3 + 3*t**2 - 175*t - 1. Determine x(8).
-10
Let p = -28 + 29. Let c be (-10 + 9)/(p/(-6)). Let i(m) = -m + 48 - 48 + c*m**3. Determine i(1).
5
Let k(o) = -o**3 + 8*o**2 - 6*o + 9. Let n(r) = 4*r**3 - 24*r**2 + 17*r - 32. Let b(g) = 7*k(g) + 2*n(g). Determine b(-8).
63
Let n be -9*((-20)/(-15))/((-3)/6). Suppose -21*r + n*r = 27. Suppose -2*u = y + 7, 5*u + r = 3*y - 3. Let d(k) = -11*k**2 - 1. What is d(y)?
-12
Let d(b) = b**2 - 8*b - 9. Let s be 111/(-60)*-5 + (-1)/4. What is d(s)?
0
Suppose 0 = -14*v - 31*v + 270. Let a(g) = -542*g**3 + 1081*g**3 - v*g + 6*g**2 - 540*g**3 + 8. Calculate a(6).
-28
Let c be (1280/3)/10*30/4. Let s(g) = 323 + 3*g**2 + c - 641 - g**3. Give s(3).
2
Let g(p) = 2*p - 73. Let i(t) = 7*t - 268. Let n(f) = -11*g(f) + 3*i(f). Suppose 0 = -0*c - 3*c - 9. What is n(c)?
2
Let n(c) = -3*c - 2. Let p be (-609)/(-7) + (-3)/1. Suppose -2*b = 19*b - p. Calculate n(b).
-14
Suppose -2*a + g + 105 = 3*a, 2*a + 5*g - 15 = 0. Let p(q) = -4 + q**3 + 2*q**2 + a - 9 - 5 - 2*q. Suppose -2 = 3*d + 7. Determine p(d).
-1
Let i = -5950 - -5975. Let b(y) = y - 7. Calculate b(i).
18
Let z(j) = -25*j**3 + 4*j**2 + 2*j + 3. Let i(g) = 73*g**3 - 13*g**2 - 7*g - 10. Let w(h) = -3*i(h) - 10*z(h). Let r be (-6)/(-4)*(-8)/(-12). Determine w(r).
31
Suppose 0*x + x + 4 = 0. Let w(a) = a**3 + a**2 - 11*a + 5. Let q(n) = -3*n**3 + n**2 + 47*n - 17. Let j(z) = -q(z) - 4*w(z). Determine j(x).
-7
Suppose -5*q - 5 = 0, -4*b = 24*q - 25*q + 23. Let z(m) = -5*m - 37. Determine z(b).
-7
Suppose 0 = -4*s + 8, -7*p - 2*p - 56 = -s. Let a(q) = -q + 3. Determine a(p).
9
Let x(n) = -n**3 + 7*n**2 + 10. Let u be ((-4)/(-3))/((-90)/(-135)). Suppose u*a - 7*a = q - 31, 5*a - 3*q - 47 = 0. Calculate x(a).
10
Let a(v) = -74*v + 140*v + 2*v**2 + v**3 - 2 - 71*v. Let c be a(0). Let f(z) = -z - 5. Let j(o) = o + 2. Let r(t) = 4*f(t) + 9*j(t). Give r(c).
-12
Let i(c) be the first derivative of -3*c**5/20 - 22*c**3 - 109. Let b(s) be the third derivative of i(s). What is b(-1)?
18
Let p(c) = -3*c + 22. Let t be 4*((-56)/(-32) - 1). Suppose -t*m = 27*m - 270. What is p(m)?
-5
Let j(d) = -715*d + 2846*d - 714*d - 19 - 711*d - 709*d. Determine j(-8).
5
Let q be (-296)/10 + (-54)/(-90). Let v = 30 + q. Let s(o) = 4 + 1325*o - v - 1324*o. Give s(-7).
-4
Let u(i) = -3*i**2 + 48*i + 25. Let a(d) = d**2 - 17*d - 8. Let s(h) = -11*a(h) - 4*u(h). Give s(8).
12
Let o = -3381 - -3398. Let c(d) = 2*d + 19. Give c(o).
53
Let n(f) be the first derivative of f**4/4 + 4*f**3/3 - f**2/2 + f - 8. Suppose 4*v + 5*c = 9, 799*v + 32 = 796*v + 4*c. What is n(v)?
5
Suppose 0 = 5*d + 2 - 2. Suppose d*p - 5 = -p + 2*c, 0 = -3*p - 5*c + 4. Let u = p - 0. Let v(s) = -s**2 + s + 2. What is v(u)?
-4
Suppose 0 = -3*q - 4*u + 6, 5*u = 4*q - 8*q + 8. Let h(g) be the first derivative of 19 + q*g - 3/2*g**2. Determine h(-3).
11
Let l(t) = 1 - 9*t - 6 - 22*t + 23*t. Give l(3).
-29
Let k(r) = 59*r + 2. Let f(u) = 13*u. Let i(a) = -9*f(a) + 2*k(a). Determine i(-17).
-13
Let h(g) = -61*g**3 + 3*g**2 + 2*g - 66. Let d(b) = -290*b**3 + 13*b**2 + 9*b - 331. Let o(a) = -4*d(a) + 19*h(a). Calculate o(-7).
-42
Let m(s) be the first derivative of -s**4/4 + 2*s**3 - 3*s**2 - 6*s + 1. Let r = -163 - -145. Let l(k) = k**3 + 16*k**2 - 36*k + 5. Let f be l(r). Give m(f).
-11
Let y(c) be the third derivative of -c**7/720 - c**6/240 + c**5/30 + 22*c**3/3 + 2*c**2 - c. Let f(m) be the third derivative of y(m). Determine f(-2).
11
Let d(m) = m**2 + 4*m + 4. Let p(v) = 13*v - 33. Let y be p(6). Let b be (9 + y/(-6))*(-24)/9. Give d(b).
4
Let j(q) = 5 + 1 - 3*q + 4 - 12. Suppose 0 = 4*b - 4*c - 88, -3*b + 0*c - c + 66 = 0. Let d be 4*(b/(-8) - (-6)/3). Calculate j(d).
7
Let c(q) be the second derivative of -1/20*q**5 + 18*q + 0*q**4 + 1/6*q**3 - 2 + 13/2*q**2. Suppose 12*x = 13*x. Determine c(x).
13
Suppose 222 = 6*j - 2*j + 2*r, -j + 3*r = -38. Let n = 50 - j. Let s(h) = h**2 + 3*h - 3. Calculate s(n).
-3
Let y(a) = -a**3 - 32*a**2 - 63*a - 75. Suppose 0 = -5*j + 5*g - 185, 5*j - 17*g + 16*g + 157 = 0. Give y(j).
15
Let g(l) be the third derivative of 0*l - 1/2*l**3 - 1/60*l**5 - 123*l**2 - 1/24*l**4 + 0. Determine g(0).
-3
Suppose 0 = -6*a - 9 + 33. Suppose 4 = 3*p - a*s, 2*p + 22 = 7*p + s. Let c(v) = -p + 120*v**2 - v + 3 - 122*v**2. Determine c(-1).
-2
Let m = -3157 + 3162. Let p(t) = t**2 - 3*t - 17. Calculate p(m).
-7
Let o be (4 - 3) + -1 + (-12)/(-4). Suppose -p + 6 - o = 0. Suppose -3*b - p = -6. Let j(c) = -7*c**3 - 2*c**2 + 1. Calculate j(b).
-8
Let d(r) = -r**3 - 5*r**2 + 6*r - 7. Let n = 46 + -20. Let t(g) = -7*g**2 - 5 + 48*g - n*g - 28*g. Let p be t(-1). What is d(p)?
-7
Let b = -469 + 679. Let v = 199 - b. Let f(i) = 5 + 3*i**2 + i**2 + i**3 + 7*i**2. Determine f(v).
5
Let y(m) = -3*m**2 - 30*m + 9. Let l(s) = s**3 - 29*s**2 + 99*s + 17. Let f be l(25). What is y(f)?
57
Let b(i) = i. Let o(c) = c**2 - 6*c. Let h(n) = 3*b(n) - o(n). Let a be 2/(-24)*-2067 - 2/8. Suppose 0 = -5*u - 137 + a. Give h(u).
14
Let j(v) be the second derivative of v**4/12 + v**3/2 + 5*v**2/2 + v. Let a(i) = i**2 + 23*i + 122. Let l be (-54)/(-1 + -5)*(-4 + 3). Let n be a(l). Give j(n).
9
Let g(r) = -12*r - 8. Let y(d) = 5*d + 4. Let s(m) = m**2 + 15*m + 48. Let z be s(-10). Let k(n) = z*g(n) - 5*y(n). Calculate k(0).
-4
Suppose -42*f = -34*f + 48. Let j(g) = 2*g**2 - g - 1. Let x(t) = 11*t**2 - 11*t - 3. Let h(q) = f*j(q) + x(q). What is h(-4)?
7
Let t(o) be the third derivative of o**6/120 + o**5/15 - 5*o**4/24 - o**3/2 - 21*o**2 - 14*o. Determine t(-4).
17
Let g be (-4 + 1 + 3)*(5 + -4). Let i(z) = 35*z + 5. Let b be i(g). Let t(l) = l**3 - 5*l**2 - 3*l - 7. Give t(b).
-22
Let f(y) be the first derivative of y**5/120 + y**4/6 + 119*y**3/3 + y - 80. Let h(u) be the third derivative of f(u). What is h(-9)?
-5
Let t(n) be the second derivative of 19*n**5/4 + n**4/12 + n**3/6 - n**2/2 - 1990*n. Determine t(-1).
-96
Let p(a) = -19*a + 1 + 0 + 0. Let b = 93430 - 93431. Determine p(b).
20
Suppose -273 + 249 = -4*i, -3*i - 51 = 3*s. Let f(k) = -k**3 - 21*k**2 + 47*k + 35. Determine f(s).
12
Let i(h) = -h**2 - 7*h + 1. Let a be 25/((-3 + 4)/1). Let m = 38 - a. Suppose 0 = -2*b + 1 - m. What is i(b)?
7
Suppose -3*a + 14 = -5*r - a, -2 = 2*r - 2*a. Let f(s) = -21*s + 57. Let t(i) = 44*i - 119. Let d(p) = 25*f(p) + 12*t(p). Give d(r).
-15
Let v(w) = w - 3. Let g be v(7). Let a be (3 - -5)/g - 0. Let m(f) = -26*f - 26*f + 77*f - 20*f. What is m(a)?
10
Let w(l) be the first derivative of l**4/4 - 18*l**3 + 26*l**2 + 54*l - 579. Give w(53).
1
Let q(d) = d**3 + 10*d**2 + 10*d + 9. Let o be (-25 - 14)*(-4 + -1). Suppose -o*j - 27 = -192*j. Determine q(j).
0
Let p(b) = -10*b - 10*b - 1 + 0. Let z be (-22)/99 + ((-8842)/18)/(-1). Let s = z + -492. Calculate p(s).
19
Let d(k) = -k**3 + k**2 - 14. Let x(c) = c**3 + 5*c**2 - 7*c + 17. Let j(y) = 2*d(y) + x(y). Calculate j(7).
-60
Suppose -5*q + 48 = 38. Let s(m) = -7 + 2*m - 8 - 1 + 14 - q. Calculate s(5).
6
Let c(f) = -18*f**2 - 2 + 2*f + 17*f**2 + 0*f**2 - 3 - 5*f. Give c(-3).
-5
Suppose b = -k - 18, 23*k = 26*k + 5*b + 68. Let i(h) be the first derivative of 2*h**3/3 + 11*h**2 - 4*h + 6. Determine i(k).
-4
Let h(j) be the third derivative of -j**6/60 - j**4/24 - j**3/3 - 19*j**2. Let r(f) = 3*f + 52. Let i be r(-18). What is h(i)?
16
Let v be -5*(0/2 - 1). Let l(r) = 4*r + 1851 + 1855 - 3*r - 3706. What is l(v)?
5
Let n(j) = -3*j + 22*j + 10*j - 6*j + 12. Give n(-5).
-103
Let l(d) = 2*d**2 + 2*d - 5. Let j(g) = g**3 - 14*g**2 - 48*g - 48. Let c be j(17). Calculate l(c).
19
Let l(c) = -c + 4. Suppose 6*t - 11 = -59. Suppose -6*i = -40 - 20. Let p = t + i. What is l(p)?
2
Let x(w) = -4*w**3 - 10*w**2 - 4*w + 6. Let t(i) = 3*i**3 + 9*i**2 + 3*i - 5. Let m(a) = -6*t(a) - 5*x(a). Let o be (-22)/(-8) - 7/(-28). Calculate m(o).
24
Let f(r) be the second derivative of -r**4/4 + 91*r**3/6 + 67*r**2/2 + 4*r + 70. Calculate f(31).
5
Suppose -7*t + 42 = -63. Let v(h) = -t*h - 6*h + 6*h + 1 + 3*h. What is v(1)?
-11
Let d(k) = 5*k**3 - 8*k**2 - 13*k - 79. Let r(y) = y**3 + y**2 + 3*y - 6. Let i(w) = d(w) - 4*r(w). Cal